 of 305902008?
5
What is the ten millions digit of 198830332?
9
What is the millions digit of 439221815?
9
What is the hundred millions digit of 280851878?
2
What is the thousands digit of 590221289?
1
What is the hundreds digit of 1820429859?
8
What is the millions digit of 180451155?
0
What is the ten thousands digit of 232727782?
2
What is the millions digit of 44382461?
4
What is the hundred thousands digit of 6521289538?
2
What is the ten thousands digit of 395698313?
9
What is the ten thousands digit of 2784425690?
2
What is the ten millions digit of 7433057135?
3
What is the hundreds digit of 18513947?
9
What is the ten millions digit of 3689474297?
8
What is the hundred thousands digit of 628563956?
5
What is the units digit of 540550611?
1
What is the units digit of 74797203?
3
What is the hundreds digit of 31989570?
5
What is the hundred thousands digit of 242560952?
5
What is the tens digit of 1901005272?
7
What is the hundred millions digit of 1041072468?
0
What is the ten thousands digit of 1543246967?
4
What is the hundred millions digit of 1147395086?
1
What is the hundred thousands digit of 46432712?
4
What is the hundred thousands digit of 263655309?
6
What is the thousands digit of 200919975?
9
What is the millions digit of 1879313086?
9
What is the ten millions digit of 61369515?
6
What is the units digit of 36220550?
0
What is the units digit of 1009183828?
8
What is the hundred thousands digit of 469411835?
4
What is the ten millions digit of 1111245591?
1
What is the hundred thousands digit of 3468955092?
9
What is the thousands digit of 250592207?
2
What is the tens digit of 6982880?
8
What is the hundreds digit of 70887653?
6
What is the hundreds digit of 23949829?
8
What is the tens digit of 112443091?
9
What is the units digit of 1554033?
3
What is the hundred thousands digit of 5396552387?
5
What is the ten millions digit of 106318847?
0
What is the tens digit of 7503680?
8
What is the thousands digit of 113128031?
8
What is the tens digit of 474112634?
3
What is the ten millions digit of 4164029110?
6
What is the hundred thousands digit of 230516276?
5
What is the units digit of 1547360?
0
What is the thousands digit of 391540187?
0
What is the ten thousands digit of 944820667?
2
What is the thousands digit of 12212879?
2
What is the tens digit of 26855882?
8
What is the hundred thousands digit of 680119821?
1
What is the units digit of 22166372?
2
What is the ten millions digit of 261265913?
6
What is the tens digit of 3091668?
6
What is the hundred thousands digit of 658189355?
1
What is the thousands digit of 678940619?
0
What is the units digit of 3814235545?
5
What is the billions digit of 4274623601?
4
What is the ten millions digit of 115263375?
1
What is the units digit of 145732782?
2
What is the hundred millions digit of 174923717?
1
What is the hundred millions digit of 473514808?
4
What is the hundreds digit of 429517143?
1
What is the hundreds digit of 1322393525?
5
What is the hundreds digit of 245396055?
0
What is the hundreds digit of 179867368?
3
What is the billions digit of 4089721930?
4
What is the ten thousands digit of 51077675?
7
What is the units digit of 710494243?
3
What is the units digit of 32695593?
3
What is the ten millions digit of 964379237?
6
What is the billions digit of 5477460973?
5
What is the ten millions digit of 898487927?
9
What is the thousands digit of 3595839432?
9
What is the hundreds digit of 4262017460?
4
What is the thousands digit of 2851654069?
4
What is the hundreds digit of 51476023?
0
What is the tens digit of 41082347?
4
What is the tens digit of 58053306?
0
What is the hundreds digit of 35138544?
5
What is the hundred millions digit of 189544109?
1
What is the hundred millions digit of 1153804020?
1
What is the hundred thousands digit of 27713071?
7
What is the hundred thousands digit of 72939042?
9
What is the billions digit of 1164303680?
1
What is the ten thousands digit of 26081162?
8
What is the ten thousands digit of 2064492?
6
What is the ten thousands digit of 46725983?
2
What is the thousands digit of 129041161?
1
What is the ten millions digit of 125440666?
2
What is the thousands digit of 675722113?
2
What is the tens digit of 18492220?
2
What is the units digit of 139946852?
2
What is the ten millions digit of 90706350?
9
What is the millions digit of 266549001?
6
What is the ten thousands digit of 208870455?
7
What is the ten thousands digit of 47152200?
5
What is the units digit of 21336928?
8
What is the ten millions digit of 812796225?
1
What is the ten thousands digit of 868885050?
8
What is the hundred millions digit of 5531725492?
5
What is the hundred millions digit of 4044386831?
0
What is the hundred thousands digit of 29513777?
5
What is the tens digit of 182250595?
9
What is the ten millions digit of 376336854?
7
What is the ten thousands digit of 23741567?
4
What is the hundreds digit of 117054733?
7
What is the thousands digit of 894530955?
0
What is the units digit of 119689785?
5
What is the hundred millions digit of 635137680?
6
What is the ten millions digit of 256744242?
5
What is the tens digit of 29363937?
3
What is the hundred millions digit of 342506834?
3
What is the thousands digit of 273222340?
2
What is the tens digit of 2145490892?
9
What is the millions digit of 157607144?
7
What is the hundred thousands digit of 60518346?
5
What is the thousands digit of 228359053?
9
What is the thousands digit of 2355094446?
4
What is the hundreds digit of 3429140297?
2
What is the hundred thousands digit of 9463792?
4
What is the ten thousands digit of 164976547?
7
What is the hundred thousands digit of 80779264?
7
What is the thousands digit of 135067799?
7
What is the ten thousands digit of 3379247008?
4
What is the ten thousands digit of 437844206?
4
What is the ten millions digit of 46927287?
4
What is the thousands digit of 1039496736?
6
What is the billions digit of 5343311934?
5
What is the hundreds digit of 25165343?
3
What is the thousands digit of 5055835?
5
What is the hundred thousands digit of 41545550?
5
What is the ten millions digit of 33744811?
3
What is the hundreds digit of 3511637094?
0
What is the units digit of 74840099?
9
What is the thousands digit of 44400486?
0
What is the hundreds digit of 650906815?
8
What is the hundred millions digit of 125200420?
1
What is the thousands digit of 148860312?
0
What is the millions digit of 5366378214?
6
What is the hundred thousands digit of 750617456?
6
What is the hundred thousands digit of 227753224?
7
What is the tens digit of 452519811?
1
What is the hundreds digit of 34079766?
7
What is the ten thousands digit of 579192627?
9
What is the tens digit of 225936646?
4
What is the hundreds digit of 173038628?
6
What is the units digit of 10795575?
5
What is the tens digit of 3253102933?
3
What is the hundred millions digit of 197738876?
1
What is the units digit of 8317627?
7
What is the hundred thousands digit of 215313651?
3
What is the millions digit of 39633887?
9
What is the hundreds digit of 31979775?
7
What is the hundreds digit of 4206319049?
0
What is the ten millions digit of 84850271?
8
What is the hundred thousands digit of 97111844?
1
What is the tens digit of 399122361?
6
What is the tens digit of 5496773423?
2
What is the hundred millions digit of 201118562?
2
What is the millions digit of 326718345?
6
What is the hundred millions digit of 597506269?
5
What is the thousands digit of 177034262?
4
What is the tens digit of 32532182?
8
What is the millions digit of 1823408817?
3
What is the hundreds digit of 1411871447?
4
What is the thousands digit of 295192869?
2
What is the hundred millions digit of 2368933082?
3
What is the ten millions digit of 455831934?
5
What is the millions digit of 65700019?
5
What is the thousands digit of 1465079?
5
What is the units digit of 232191758?
8
What is the hundred thousands digit of 22663659?
6
What is the ten millions digit of 55577895?
5
What is the units digit of 7671834955?
5
What is the hundreds digit of 58519917?
9
What is the thousands digit of 139685015?
5
What is the ten thousands digit of 201193297?
9
What is the tens digit of 98077650?
5
What is the units digit of 3784961?
1
What is the units digit of 887